 second derivative of -k**4/12 + k**3/2 + k**2/2 - 3*k. Let c be l(3). Let f(d) = -7*d**3 + d**2 - d. What is f(c)?
-7
Let o(y) = 0*y**3 - 1 - 2*y**3 + 2*y + 0*y. Let l = -38 - -39. Calculate o(l).
-1
Suppose -5*h = -0*h. Let c(t) = t + 3. Calculate c(h).
3
Let b(y) = -12*y + 3*y + 2*y + y**2 - 1. Let u be 12/(-18) - (-20)/3. Calculate b(u).
-7
Suppose -r = -5*l - 30, -3*r + 4*l = l - 30. Let b = -1 + 4. Let i(t) = 0 - 1 + t - b - 3. What is i(r)?
-2
Let q(d) be the second derivative of d**5/20 - d**4/3 + d**3/2 - d**2/2 - 9*d. Let w be ((-6)/(-4))/(2/4). Determine q(w).
-1
Let z(r) be the third derivative of r**6/720 - r**5/120 - r**4/8 - 4*r**2. Let n(t) be the second derivative of z(t). What is n(0)?
-1
Suppose -5*f - 2*j = 9 + 1, 0 = -f - 2*j - 2. Let n be ((-1)/f)/(3/18). Let o(t) = -t**n + 2 + 1 + 3 - 3*t + 5*t**2. Calculate o(5).
-9
Let h(g) = -6*g**2 - 4*g + 4. Let t(p) = -5*p**2 - 3*p + 3. Let c(r) = 4*h(r) - 5*t(r). What is c(3)?
7
Let g(u) be the second derivative of u**4/12 + u**3/2 + u**2/2 + 8*u. Determine g(-1).
-1
Let v(b) = -b**2 + 6*b + 4. Let d be v(6). Let q(f) be the second derivative of f**4/12 - 2*f**3/3 - 2*f**2 - 19*f. What is q(d)?
-4
Let i(p) = -p - 4. Let b = 20 + -24. What is i(b)?
0
Let k = -110 + 124. Let x(u) = u**3 - 15*u**2 + 13*u + 20. Calculate x(k).
6
Let x(w) = 8*w**2 + 17*w - 20. Suppose -15 = 2*g - 7. Let s(r) = 3*r**2 + 6*r - 7. Let m(c) = g*x(c) + 11*s(c). What is m(3)?
6
Let p(u) = u**3 + 4*u**2 + u - 1. Let n = 6 + -4. Suppose 12 = -4*w - 5*d, n*w + 6*d + 6 = 2*d. Calculate p(w).
5
Let v(h) = h**3 + 7*h**2 + 5*h. Suppose 0 = 5*b + 5*n + 5, 2*b = 4*b + 4*n - 6. What is v(b)?
25
Let s(u) = 2*u**3 - 4*u**2 - 13*u + 7. Let b(g) = g**3 - 2*g**2 - 6*g + 3. Let k(j) = 5*b(j) - 2*s(j). Determine k(4).
17
Let x(v) = v**2 - 5*v - 4. Let o be (0 + 6/1)/1. Let r be x(o). Let t(g) = -4*g. Give t(r).
-8
Let x(z) = -z**2 - 6*z - 6. Let t be ((-3)/6)/((-1)/(-28)). Let g = t + 8. Give x(g).
-6
Let h(o) = o**3 + o**2 - 5*o - 4. Let r be 2*1/2*-3. Determine h(r).
-7
Suppose -17 = -3*l - 8. Suppose g + 5 = -y, -l*y = -4*g - 20 + 7. Let q(x) be the first derivative of -x**4/4 + x**3/3 - x + 2. Give q(y).
1
Let i(p) be the third derivative of p**5/120 - p**4/6 - p**3/2 + 9*p**2. Let v(x) be the first derivative of i(x). What is v(4)?
0
Let g(v) = -v**2 - v + 2. Let x(p) = p**3 + 5*p**2 - 8*p + 1. Let o be x(-6). Let j = 10 - o. What is g(j)?
-4
Let z be -6*(0 + -1)/1. Let c(w) = -5*w**3 + z + 4*w**3 - 5. Give c(2).
-7
Let i(u) = -1. Let x(a) = 2*a + 2. Let c(n) = i(n) - x(n). Give c(-2).
1
Let v(t) = 3*t + 4. Let n(q) = q**2 + 4*q + 5. Let c(y) = 3*n(y) - 4*v(y). Suppose 5*d + 9*w = 10*w + 5, 0 = 3*w. What is c(d)?
2
Let y(g) = g**2 - 5*g + 2. Suppose 3*o = 4*o - 3. Suppose -5*w + 21 = -4. Suppose 17 = o*i + w. Calculate y(i).
-2
Suppose 13*u - 20 = 9*u. Let n(d) = -d**2 + 2*d. Give n(u).
-15
Let p(a) = 4 + a - 2 - 2. Give p(1).
1
Let m(q) = -3*q**2 + 4*q + 4. Let c(h) = 2*h**2 - 5*h - 5. Let o(s) = 4*c(s) + 5*m(s). What is o(1)?
-7
Let r(w) = 6*w**2 - 1. Let k(a) = 5 + 5*a + a - a**2 + 0. Let j be k(6). Suppose -1 = j*x - 6. Calculate r(x).
5
Let u(g) be the third derivative of g**6/240 - g**5/120 - 5*g**4/24 - 6*g**2. Let s(m) be the second derivative of u(m). Give s(-1).
-4
Let q be (-1)/(-5) + 320/25. Let r(l) = l**3 - 12*l**2 - 13*l - 1. Let a be r(q). Let x(d) be the first derivative of -2*d**3/3 - d**2/2 + 1. What is x(a)?
-1
Let c(o) = -o**3 - 4*o**2 + 7*o + 4. Suppose -5*y = l - 15, 4*l + 4*y - 6 - 6 = 0. Let u(h) = h + 4*h - 4*h - 5. Let z be u(l). Calculate c(z).
-6
Let t(h) = 5*h**2 + 4*h + 1 + 1 - 4*h**2. Let q = 12 - 4. Suppose 3*v - v = -q. Calculate t(v).
2
Suppose -5*a + 5*t + 25 = 0, a - 7 + 2 = 2*t. Suppose -2*l = 9 - a. Let k(y) = -2*y**3 - y**2 + 4*y + 3. What is k(l)?
7
Let w(h) be the first derivative of h**5/20 - h**4/12 - h**3/2 - h**2/2 + 2*h - 1. Let v(s) be the first derivative of w(s). Calculate v(-2).
-7
Let h(d) be the first derivative of -2*d**2 + 6*d - 47. Let m = -4 + 9. What is h(m)?
-14
Let l be 1/(8/(-3) - -3). Let m be (l + -1)*4/(-8). Let c(b) = 7*b - 1. What is c(m)?
-8
Let h(p) be the first derivative of -p**2/2 + p - 1. Let i(b) = -2*b - 2*b - 2*b - 3 + 4. Let j(q) = -5*h(q) + i(q). What is j(-4)?
0
Let f(m) = m**2 + 8*m. Suppose -3*i = -12, -4*z - 10 = -5*i + 6. Let l be (1 - (1 - z))*-7. Determine f(l).
-7
Let x(k) = k**3 - 10*k**2 + 8*k + 11. Let o be x(9). Let f(d) = -4*d + 5*d - o - 2*d**3 + d**3. What is f(-2)?
4
Let c(g) be the first derivative of -g**3 - 3*g**2 - 1/12*g**4 + g - 2. Let f(p) be the first derivative of c(p). Give f(-4).
2
Suppose 0*a = 4*a. Suppose a = -2*o + 3*u + 21, 0 = o - 2*u + 4*u. Let z(y) = -y**3 + 7*y**2 - 6*y - 1. Give z(o).
-1
Let r(f) = -f - 2. Let w be r(-4). Suppose 6*s + 4*x = s + 8, -6 = -w*s - 3*x. Let k(d) = -d**3 - d**2 + 5. Determine k(s).
5
Let f(o) = 2*o**2 + o + 1. Suppose -j + 0 + 2 = 0. Let l be -2*3/j - -2. Give f(l).
2
Let m(c) = 8*c - 2. Let i(j) = 42*j - 10. Let v(n) = -3*i(n) + 16*m(n). Calculate v(6).
10
Suppose 5*v = -4*u - 0*u - 16, -3*u = -4*v + 12. Suppose -4 + v = -2*d. Suppose 6 + d = -2*o. Let c(a) = -a**2 - 5*a + 1. What is c(o)?
5
Let i(p) be the third derivative of p**5/60 + p**4/24 - 3*p**2. Let d be i(0). Let w(x) = -x**3 - x**2 + x - 2. Give w(d).
-2
Let v(j) = -j**2 - j**2 - j**2 - 2*j - 5 + 4*j**2. Suppose 5*w = 5*a - 30, -4*a = -3*w + 4*w - 14. What is v(a)?
3
Suppose 5*u + 25 = 0, -2*u - 3*u - 22 = -w. Let o(z) = -z**3 - 2*z**2 + 3*z. Calculate o(w).
0
Let q = -18 + 13. Let w(o) = 2*o**2 - 2 + 2*o**2 - 5*o**2 - 6*o. Determine w(q).
3
Let s(f) = -f**3 + 6 + 2*f - 4*f**2 - 12 + 8*f**2. Calculate s(4).
2
Let l(w) = -w**3 + w**2 + w + 6. Let c be 0/(3 - (3 - 3)). Calculate l(c).
6
Let r(b) = -b**2 + 10*b - 5. Suppose -2*p + 4 = 0, 5*p = 2*z - 0*z - 10. Let d be r(z). Let c(t) be the third derivative of -t**4/12 - 5*t**2. Calculate c(d).
10
Suppose 0 = -7*d + 2*d + 30. Let c(b) = -b + 7. Give c(d).
1
Let s(j) = 15*j**2 - 2*j + 23. Let l(t) = -7*t**2 + t - 11. Let x(z) = -13*l(z) - 6*s(z). Let m be x(0). Let u(y) = 2*y - 4. What is u(m)?
6
Let p(m) = 2*m**2 - 2. Let v = -14 + 16. Calculate p(v).
6
Suppose b + 5*o + 16 - 5 = 0, -2*o = 6. Let u(r) = r**3 - 3*r**2 - 2*r - 4. Let i be u(4). Let j(d) = i + 1 + 1 - 2*d. Give j(b).
-2
Suppose -26*c = -23*c + 30. Let r(h) = -h**3 - 10*h**2 - 6. What is r(c)?
-6
Let x(o) = o**2 + 7*o + 1. Let p(i) = -7*i + 1. Let b be p(-3). Suppose 4 - b = 3*t. Give x(t).
-5
Let r(u) = u**3 - 9*u**2 - 10*u + 1. Let c be r(10). Let v(s) = -c + 2 - 8*s + 13*s. Determine v(1).
6
Let w(j) = -3*j - 6. Suppose 2*h + 3*h + 4*c = 23, -5*h - 3*c + 21 = 0. Suppose 0*z = 3*z - 3. Suppose h*r - 5*r - 3*t = z, -t = -3. What is w(r)?
9
Let o(s) = s**3 + 2*s + 1. Let q be o(-1). Let j be ((-18)/(-4))/3*2. Let z(m) = 2 - m**j + 2 - 6. Determine z(q).
6
Let n(q) = -q + 4. Let v be n(-7). Let t(m) = -v*m**2 + 7*m**2 + 0*m + m**3 - 5*m + 3. What is t(5)?
3
Let p be (-4)/(24/(-9)) - (-21)/(-6). Let u(t) = t**3 + 2*t**2 + 3*t + 1. Determine u(p).
-5
Let r be (-10)/6 - 68/(-12). Let k(j) = -j - 2. Calculate k(r).
-6
Let i(a) be the second derivative of a**7/630 + a**5/120 - a**4/3 - a. Let u(q) be the third derivative of i(q). Give u(-1).
5
Let r = -11 - -13. Suppose -4 = -c - i - 5, -4*i = 3*c + 6. Let q(o) = -r*o + o + 2*o + 6 + o**c. Determine q(0).
6
Let o(y) be the first derivative of y + 7 + 1/3*y**3 - y**2. Let p = 9 - 6. Calculate o(p).
4
Let u(d) be the third derivative of -d**5/20 - d**3/6 - 2*d**2. Give u(1).
-4
Let k be 1*2*(-4)/(-2). Let d(v) = v**3 - 5*v**2 + 3*v + 4. Let o be d(k). Let n(y) = -y - 5. Calculate n(o).
-5
Suppose 5*c = -2*n - 0*n - 3, n + 5*c = -4. Let b(p) = -3*p + 1. Give b(n).
-2
Let o(y) = -16*y - 4 + 36*y - 21*y. Let v = 29 - 11. Let p = -13 + v. Determine o(p).
-9
Let j(p) be the third derivative of 0 + 3*p**2 + 1/120*p**6 - 1/6*p**4 - 7/6*p**3 + 0*p - 1/15*p**5. What is j(5)?
-2
Let a be ((4/(-3))/((-4)/6))/(-1). Let h(w) = 2*w - 1. Determine h(a).
-5
Let z(g) = -2 - g**2 + 0 + 0 + g. Let w(b) = -9*b**2 + 3 - 11 + 0*b**3 + b**3 + 0*b - 9*b. Let f be w(10). Calculate z(f).
-4
Let m(r) = 7*r**3 - 15*r**2 + 4*r - 1. Let y(c) = 10*c**3 - 22*c**2 + 6*c - 1. Let f(w) = 7*m(w) - 